?
True
Is 294 a multiple of 49?
True
Is 40 a factor of 6600?
True
Is 21 a factor of 126?
True
Is 110 a factor of 1355?
False
Does 11 divide 7985?
False
Is 4 a factor of 2321?
False
Does 8 divide 2048?
True
Does 259 divide 70280?
False
Does 15 divide 2895?
True
Is 42358 a multiple of 234?
False
Does 96 divide 115?
False
Is 10520 a multiple of 7?
False
Is 9 a factor of 6408?
True
Is 144 a multiple of 45?
False
Does 20 divide 4160?
True
Is 218 a multiple of 4?
False
Is 4 a factor of 16?
True
Is 26 a factor of 103?
False
Does 86 divide 111542?
True
Does 43 divide 3870?
True
Does 15 divide 1172?
False
Is 8 a factor of 632?
True
Is 21942 a multiple of 106?
True
Does 111 divide 15288?
False
Is 17 a factor of 692?
False
Is 3779 a multiple of 11?
False
Is 31 a factor of 389?
False
Is 23 a factor of 118795?
True
Is 29 a factor of 551?
True
Is 37108 a multiple of 72?
False
Is 31 a factor of 2694?
False
Is 112 a multiple of 28?
True
Is 24 a factor of 168?
True
Does 34 divide 2176?
True
Does 13 divide 3933?
False
Is 11988 a multiple of 162?
True
Is 13 a factor of 3090?
False
Is 12289 a multiple of 45?
False
Is 64 a factor of 64?
True
Is 69550 a multiple of 107?
True
Does 177 divide 16850?
False
Is 4 a factor of 26076?
True
Is 3 a factor of 84?
True
Is 179 a factor of 35621?
True
Does 61 divide 427?
True
Is 18 a factor of 72?
True
Is 265 a multiple of 43?
False
Is 2 a factor of 2990?
True
Does 7 divide 572?
False
Is 408 a multiple of 21?
False
Is 809 a multiple of 19?
False
Is 4 a factor of 153?
False
Is 5600 a multiple of 11?
False
Is 10 a factor of 7230?
True
Does 95 divide 42272?
False
Is 4875 a multiple of 13?
True
Does 17 divide 952?
True
Is 68 a factor of 4257?
False
Does 9 divide 37755?
True
Is 11 a factor of 7733?
True
Is 3066 a multiple of 7?
True
Does 32 divide 428?
False
Is 42788 a multiple of 19?
True
Is 2 a factor of 24?
True
Is 4810 a multiple of 10?
True
Is 2602 a multiple of 9?
False
Is 36 a factor of 1980?
True
Is 416 a multiple of 32?
True
Is 104 a factor of 26573?
False
Is 2168 a multiple of 13?
False
Is 2 a factor of 82?
True
Is 2958 a multiple of 102?
True
Does 128 divide 1024?
True
Does 16 divide 422?
False
Is 94 a factor of 1183?
False
Is 33 a factor of 6375?
False
Does 71 divide 8176?
False
Is 6 a factor of 16464?
True
Is 204 a multiple of 19?
False
Does 21 divide 7284?
False
Is 22 a factor of 483?
False
Does 38 divide 638?
False
Is 2320 a multiple of 16?
True
Does 10 divide 505?
False
Is 21 a factor of 24843?
True
Is 2108 a multiple of 17?
True
Does 22 divide 1957?
False
Does 93 divide 5892?
False
Does 113 divide 20856?
False
Is 12106 a multiple of 57?
False
Is 56871 a multiple of 15?
False
Is 12880 a multiple of 14?
True
Is 7 a factor of 228?
False
Does 61 divide 12749?
True
Is 704 a multiple of 38?
False
Is 123 a factor of 34440?
True
Does 20 divide 7460?
True
Is 118 a multiple of 18?
False
Does 43 divide 1221?
False
Is 16 a factor of 10067?
False
Is 84 a factor of 11768?
False
Is 29 a factor of 1095?
False
Is 3 a factor of 812?
False
Does 20 divide 12100?
True
Is 122 a factor of 44738?
False
Is 76740 a multiple of 158?
False
Is 3565 a multiple of 23?
True
Is 33390 a multiple of 7?
True
Does 10 divide 70?
True
Is 171 a multiple of 9?
True
Does 105 divide 606?
False
Is 1520 a multiple of 16?
True
Does 15 divide 1000?
False
Is 10868 a multiple of 44?
True
Is 1903 a multiple of 9?
False
Is 695 a multiple of 63?
False
Does 89 divide 2848?
True
Is 7 a factor of 571?
False
Does 12 divide 15096?
True
Is 320 a multiple of 20?
True
Is 125 a factor of 26360?
False
Is 1093 a multiple of 37?
False
Is 808 a multiple of 10?
False
Is 39401 a multiple of 31?
True
Is 37 a factor of 40922?
True
Does 46 divide 190?
False
Is 64 a multiple of 2?
True
Does 11 divide 2068?
True
Is 1120 a multiple of 6?
False
Is 11 a factor of 737?
True
Is 38 a factor of 21888?
True
Is 13 a factor of 2648?
False
Does 219 divide 59965?
False
Does 11 divide 495?
True
Is 19 a factor of 2185?
True
Does 125 divide 3000?
True
Is 2245 a multiple of 12?
False
Is 16550 a multiple of 191?
False
Is 199 a factor of 10149?
True
Is 8516 a multiple of 25?
False
Does 23 divide 51754?
False
Does 75 divide 620?
False
Is 120 a multiple of 15?
True
Is 336 a factor of 27552?
True
Does 33 divide 118998?
True
Is 37 a factor of 333?
True
Is 955 a multiple of 10?
False
Does 46 divide 568?
False
Is 1438 a multiple of 10?
False
Is 109113 a multiple of 37?
True
Does 4 divide 133?
False
Is 433 a multiple of 3?
False
Is 5 a factor of 840?
True
Is 1596 a multiple of 42?
True
Is 121 a factor of 32975?
False
Is 16 a factor of 967?
False
Does 118 divide 17936?
True
Is 111 a multiple of 4?
False
Is 123 a factor of 1230?
True
Is 18 a factor of 699?
False
Is 45450 a multiple of 14?
False
Does 2 divide 10068?
True
Is 3217 a multiple of 34?
False
Is 198 a factor of 30318?
False
Does 4 divide 337?
False
Is 7270 a multiple of 5?
True
Is 10 a factor of 5100?
True
Is 39 a multiple of 13?
True
Does 31 divide 651?
True
Is 14580 a multiple of 45?
True
Is 1142 a multiple of 10?
False
Is 6432 a multiple of 76?
False
Is 14 a factor of 2011?
False
Is 4092 a multiple of 66?
True
Is 2 a factor of 107?
False
Does 29 divide 1020?
False
Does 80 divide 21520?
True
Is 34 a factor of 2398?
False
Is 13 a factor of 46099?
False
Is 330 a multiple of 22?
True
Is 34 a factor of 13430?
True
Is 53 a factor of 29256?
True
Is 15 a factor of 89108?
False
Does 34 divide 832?
False
Is 7 a factor of 8540?
True
Is 15015 a multiple of 19?
False
Is 15 a factor of 13320?
True
Is 684 a multiple of 19?
True
Does 14 divide 679?
False
Is 990 a multiple of 3?
True
Does 8 divide 2163?
False
Does 167 divide 19870?
False
Is 648 a multiple of 24?
True
Is 429 a multiple of 11?
True
Is 3 a factor of 5316?
True
Is 55 a factor of 29590?
True
Does 42 divide 3780?
True
Does 5 divide 2328?
False
Does 289 divide 61458?
False
Is 108 a factor of 6481?
False
Does 16 divide 3275?
False
Is 290 a multiple of 23?
False
Is 7 a factor of 2199?
False
Is 2870 a multiple of 14?
True
Is 537 a multiple of 3?
True
Does 22 divide 969?
False
Is 1026 a multiple of 10?
False
Is 7638 a multiple of 134?
True
Is 16 a factor of 762?
False
Is 121 a factor of 10406?
True
Is 27 a factor of 581?
False
Is 693 a multiple of 9?
True
Is 7 a factor of 280?
True
Is 12 a factor of 1151?
False
Is 67 a factor of 12931?
True
Is 3814 a multiple of 5?
False
Does 46 divide 3956?
True
Is 2 a factor of 199?
False
Is 1552 a multiple of 63?
False
Is 13 a factor of 3007?
False
Does 13 divide 6149?
True
Is 12 a factor of 6972?
True
Is 4198 a multiple of 14?
False
Is 8 a factor of 4300?
False
Is 34236 a multiple of 108?
True
Does 2 divide 132?
True
Does 27 divide 2646?
True
Is 159 a multiple of 45?
False
Is 20 a factor of 599?
False
Is 8 a factor of 1109?
False
Is 20 a factor of 1555?
False
Is 33 a factor of 1056?
True
Is 4 a factor of 288?
True
Does 24 divide 47328?
True
Is 170 a factor of 1445?
False
Is 18144 a multiple of 72?
True
Is 11 a factor of 185764?
False
Does 12 divide 16306?
False
Is 2392 a multiple of 46?
True
Is 40939 a multiple of 12?
False
Is 11 a factor of 104?
False
Does 57 divide 2850?
True
Is 34505 a multiple of 22?
False
Does 52 divide 13588?
False
Does 10 divide 570?
True
Is 22 a factor of 748?
True
Does 13 divide 5870?
False
Does 116 divide 3255?
False
Is 12 a factor of 867?
False
Does 80 divide 11760?
True
Is 10032 a multiple of 152?
True
Is 17 a factor of 9418?
True
Does 24 divide 2459?
False
Is 2729 a multiple of 20?
False
Does 20 divide 4032?
False
Is 1366 a multiple of 34?
False
Is 1017 a multiple of 9?
True
Is 15336 a multiple of 71?
True
Is 3431 a multiple of 47?
True
Does 4 divide 1417?
False
Is 129869 a multiple of 14?
False
Is 3991 a multiple of 13?
True
Is 1029 a multiple of 64?
False
Does 102 divide 82212?
True
Does 131 divide 93046?
False
Is 2 a factor of 450?
True
Does 5 divide 77?
False
Is 1517 a multiple of 41?
True
Is 19452 even?
True
Is 6053 a multiple of 22?
False
Does 172 divide 3799?
False
Is 11844 a multiple of 42?
True
Is 39364 a multiple of 26?
True
Is 1181 a multiple of 11?
False
Does 14 divide 284?
False
Does 5 divide 584?
False
Does 11 divide 572?
True
Is 4212 a multiple of 156?
True
Does 16 divide 466?
False
Does 8 divide 195?
False
Is 14365 a multiple